15*o - x. List the prime factors of o.
2, 7
Let s(a) = 5*a - 2*a - 3*a - 22 - 3*a. What are the prime factors of s(-13)?
17
List the prime factors of (-1)/(4 - 80604/20148).
23, 73
Suppose 264 = 4*t - 0*t. Suppose 0*y - 5*y + i + t = 0, 2*i + 2 = 0. List the prime factors of y.
13
Let n(g) = -6*g + 27. Suppose -4*j = -4*w + 148, 3*w + 2*j - 150 = -2*w. Suppose 9*l + w = 5*l. List the prime factors of n(l).
3, 5
Suppose -6 = 3*b + 39. Let r = b - -15. Suppose r = -4*h + 3*a - 7*a + 116, 5*h - 2*a = 166. What are the prime factors of h?
2
Let o be (-2)/(-8) + 184/32. List the prime factors of o/(-9)*360/(-4).
2, 3, 5
Let z be 1928/(-14) - (-2)/(-7). Let k = z + 210. List the prime factors of k.
2, 3
Let n = 1 + 4. Suppose 14 + 1 = 3*o. Suppose m - o*r + 0 = -4, -n*r = -10. What are the prime factors of m?
2, 3
Suppose -10*c = -c + 171. Let v be 0 + 1 + (0 - -37). Let b = c + v. List the prime factors of b.
19
Let h = -37 + 45. List the prime factors of 0 - 144/(h/(-2)).
2, 3
Let o(l) = l**3 + 7*l**2 + 5*l - 5. Let q be o(-6). Let c = q + 0. What are the prime factors of 7/((-3 + c)/(-2))?
7
Suppose 8*g = 7*g + 20. What are the prime factors of (16/30*-24)/((-2)/g)?
2
Let k = -486 - -4102. What are the prime factors of k?
2, 113
Let h = 379 - 1151. Let o be (-4)/8*h/(-2). Let c = -117 - o. List the prime factors of c.
2, 19
Suppose 0 = -30*u + 7048 + 2792. List the prime factors of u.
2, 41
Let j = 1 - -7. Suppose j*o - 84 = o. What are the prime factors of o?
2, 3
Let d be -1 + (-3)/((-15)/10). Let j(o) = 85*o**2 + o. What are the prime factors of j(d)?
2, 43
Let v = -184 - -289. List the prime factors of v.
3, 5, 7
Let m(a) = 50*a**2 - 5*a + 4. Let l(j) = 8*j - 62. Let p be l(8). List the prime factors of m(p).
2, 97
Let j(v) = v**3 + v**2 - v + 695. Let w be j(0). Suppose -w = -8*s + 1193. What are the prime factors of s?
2, 59
Let h(k) = -k**3 - 9*k**2 + 8*k - 8. Let w be h(-11). Let d = w - 86. List the prime factors of d.
2, 3, 5
Let w = -1454 + 2899. What are the prime factors of w?
5, 17
Let f(n) = n**3 - 7*n**2 + 5*n + 4. Let o be f(6). Let p be (-8)/(-20)*650/20. What are the prime factors of (o - -3)*p - -2?
3, 5
Let l(j) be the second derivative of -j**3/6 + 21*j**2/2 + 7*j. What are the prime factors of l(5)?
2
What are the prime factors of 4158/15 + 1/(-5)?
277
Let b(u) = u**3 + 10*u**2 - 3*u - 14. What are the prime factors of b(-7)?
2, 7, 11
Let d(k) = -32*k**3 - 2*k**2 + 26. List the prime factors of d(-3).
2, 109
What are the prime factors of -4 - (-7 + 3 - -3)*818?
2, 11, 37
Suppose -95 + 30 = 5*l. Let v = 15 + l. Suppose v*b - 9 = 1. What are the prime factors of b?
5
Let r(s) = 24*s + 933. What are the prime factors of r(47)?
3, 229
Let g(c) = 106*c - 333. List the prime factors of g(18).
3, 5, 7
Let r = -49 + 43. Let h = 33 - 15. List the prime factors of 114/(-2)*r/h.
19
Let w(k) = 9*k**2 - 31*k - 1. Let u(o) = -4*o**2 + 15*o. Let h(l) = 7*u(l) + 3*w(l). List the prime factors of h(7).
2
Suppose 8*l = 7795 + 525. What are the prime factors of l?
2, 5, 13
Let r be (-6)/(-15)*(-1 - -46)/3. What are the prime factors of (-2)/r - ((-4102)/21 + -7)?
2, 101
Suppose 2*z - g - 109 = 0, -3*z + z + 3*g + 115 = 0. Suppose -c + 4 = -t - 28, -c = t + 28. Let p = t + z. List the prime factors of p.
23
Suppose 4*c - 56 = s, 4*s - 5*s - 47 = 5*c. Let b = s + 100. Let l = -4 + b. What are the prime factors of l?
2, 11
Suppose -n = r - 105, 3*r - 5*n - 475 = -2*r. Suppose 6*q = 10*q - r. Let z = -20 + q. List the prime factors of z.
5
Let a be (4 + -2 + -1)/((-4)/8). List the prime factors of ((1944/(-28))/9)/(a/70).
2, 3, 5
Suppose -i + 4 = n, -2*n + i = -7*n + 32. Suppose -10*x + n*x = -144. List the prime factors of x.
2, 3
Suppose x = -x + 14. Suppose -q - k + 2 + 3 = 0, q + 2*k - x = 0. Suppose r + q = 20. What are the prime factors of r?
17
Let j = 12 - 12. Suppose 4 + j = 2*c. Suppose -n + 13 = c. List the prime factors of n.
11
Let u(d) = 20*d**2 + 11*d - 9. What are the prime factors of u(5)?
2, 3, 7, 13
Let m be 80/26 + 80/(-1040). Suppose 4*j + 0*j = 56. List the prime factors of m + -1 + j + 42.
2, 29
Suppose -9*g - 11898 = -3*a - 6*g, a + g - 3970 = 0. List the prime factors of a.
2, 31
Let i(l) = 10*l + 24. What are the prime factors of i(16)?
2, 23
Suppose -4*g - 89 = -17. Let b(w) = -15*w + 3. List the prime factors of b(g).
3, 7, 13
What are the prime factors of 16003/39 - 2/6?
2, 5, 41
Let b(p) = -2*p**3 - 4*p**2 - 2*p + 12. Let v be b(-5). Let n = 258 - v. List the prime factors of n.
2, 43
Suppose -10 - 86 = -c. Suppose -3*n + 86 = 4*k - n, 0 = 4*k + 4*n - c. List the prime factors of k.
19
Let u(p) = -p**3 - 6*p**2 + 11*p - 10. Let t be u(-8). Suppose -f - 8 + 50 = 0. Let c = f - t. What are the prime factors of c?
2, 3
Let s(c) = -13*c + 24. Suppose -5*t + 12 = -6*t. What are the prime factors of s(t)?
2, 3, 5
Suppose 2*x + 56 = 3*i - 55, 0 = 5*i - 2*x - 189. Let f = 116 - i. What are the prime factors of f?
7, 11
Suppose -115 = 3*w + p, -w - 3*p - 53 = p. Let i = w + 80. List the prime factors of i.
43
Suppose -5*l + 3*o + 1124 = 0, 4*o = -l - l + 460. List the prime factors of l.
2, 113
Suppose 19*d + 13611 = 38235. What are the prime factors of d?
2, 3
Suppose 5*t - 5 = 10. Suppose 155 = t*x - 136. List the prime factors of x.
97
Suppose -f = -a + 7, 3*a - 3*f - 2*f = 31. Let w(r) = -2*r**3 + 2*r**3 + 0*r**3 - r**3 - 11 + 9*r**2 + a*r. List the prime factors of w(9).
7
Let i be (-4)/2 - (-5)/1. Suppose i*g - 8 = -r, 2*r + 2*g - 42 = -2*r. Let m(w) = -w**2 + 13*w - 5. List the prime factors of m(r).
17
Suppose -4 = 2*w - 8. Suppose -1 = w*r + 3*f - 15, -5*f + 30 = 5*r. List the prime factors of 2/(-4) - (-30)/r.
7
Suppose 2*w + 1338 - 3926 = -4*s, 0 = 5*s + 4*w - 3229. List the prime factors of s.
11, 59
Let y(f) = -f**3 + f. Let r(i) = 92*i**3 + i**2 - 2*i + 1. Let o(g) = -r(g) - 4*y(g). What are the prime factors of o(-1)?
2, 11
Let n = 29 - 26. Suppose f + 4 = n. List the prime factors of ((-2 - f) + 0)*-39.
3, 13
Let b = -906 + 1573. List the prime factors of b.
23, 29
Let f = -442 - -83. Let m = -208 - f. List the prime factors of m.
151
Let z(x) = 3*x - 9. Let d be z(3). List the prime factors of 38/(d - 6/(-24)).
2, 19
Let h be (-2)/(-3) - (-37)/3. Suppose -2*c + h = 39. What are the prime factors of ((-11)/4)/(c/52)?
11
Suppose 0 = -8*s + 15940 + 4284. What are the prime factors of s?
2, 79
Suppose 2928 = -471*i + 474*i. List the prime factors of i.
2, 61
Suppose -5*y + u - 6*u = -110, -62 = -3*y + u. Suppose 15 = -78*l + 81*l. Suppose 0 = l*w - y - 89. List the prime factors of w.
2, 11
Suppose 141 = -4*u - 111. List the prime factors of (-3672)/u - (-2)/(-7).
2, 29
List the prime factors of (-39292)/(-14) + (-840)/(-588).
2, 3, 13
Let s be (((-12)/(-5))/6)/((-2)/230). Let a = 25 - s. List the prime factors of a.
71
Let r(s) = 171*s**3 - 3*s**2 - 10*s + 32. What are the prime factors of r(3)?
2, 7, 41
Let l(s) = 26*s**2 - 13*s - 85. List the prime factors of l(11).
2, 1459
Let p be -1 + 1 + 7 + -9. Let d be 3*(p + 49/3). Suppose 3*g - d = 179. List the prime factors of g.
2, 37
Suppose d + 130 - 368 = t, 0 = 2*d + t - 479. What are the prime factors of d?
239
Suppose -35*g = -11407 - 318. What are the prime factors of g?
5, 67
Let p(x) = x**2 - 11*x + 14. Suppose -2*t = -7*t + 60. Let s be p(t). Suppose -40 = -2*z + 3*b - 2, 5*b = z - s. List the prime factors of z.
2
Let u(s) = 3*s**2 - 8. Suppose 0 = 6*a - 0 + 30. What are the prime factors of u(a)?
67
Let m = -69 + 189. List the prime factors of m.
2, 3, 5
Let k(y) = -y**3 + y. Let l(x) = -6*x**3 + 14*x**2 - 17*x. Let t(m) = -5*k(m) + l(m). List the prime factors of t(10).
2, 3, 5
Suppose 0 = -2*n + 33 - 91. Let v = 1 + n. Let r = 39 + v. What are the prime factors of r?
11
Let l be (6/4)/((-15)/(-40)). Let y be (-6)/l*2/3. What are the prime factors of 10/(-2*y/4)?
2, 5
Suppose p = -4*p - 430. Let c = p + 91. List the prime factors of c.
5
Let h = 29 + -27. Suppose -h*n - 2 = 3*c - c, 2*c - 14 = 2*n. Suppose -3*w = d - 35, -d + c*w = 1 - 6. What are the prime factors of d?
2, 5
Suppose -2 + 5 = h. Suppose -f + 3*f + h*u = 368, 750 = 4*f - u. What are the prime factors of f?
11, 17
Let g(t) = -31*t + 21. Let v(p) = -15*p + 10. Let z(i) = 6*g(i) - 13*v